10, -2*w = g*t - 5*t + 31. Calculate the remainder when 19 is divided by t.
5
Calculate the remainder when 151 is divided by 1*(21/6)/((-1)/(-2)).
4
Suppose -2 = o - 13. Calculate the remainder when 2/15*-5*(-186)/4 is divided by o.
9
Suppose 0 = 4*t - 95 - 41. Let n = t + -18. Calculate the remainder when 30 is divided by n.
14
Let i(r) = r + 1. Calculate the remainder when 53 is divided by i(10).
9
Suppose -3*t - 3*z = z - 37, -2*t - 5*z + 34 = 0. Calculate the remainder when 22 is divided by t.
1
Let l be (-32)/(-20) + (-2)/(-5). Suppose -105 = -l*y + 1. Calculate the remainder when y is divided by 18.
17
Calculate the remainder when 97 is divided by -3 - -4*(0 + 7).
22
Let p(q) = q**3 + q**2 + 4*q + 3. Let w be p(-2). Let g = w - -14. What is the remainder when ((-17)/3)/(g/(-15)) is divided by 6?
5
Let m = 53 + -31. Calculate the remainder when m is divided by 12.
10
Let v = 19 + -8. Let y(s) be the third derivative of -s**4/4 - 3*s**3/2 + 6*s**2. Calculate the remainder when y(-5) is divided by v.
10
Let i = 19 - 11. What is the remainder when 21 is divided by i?
5
Suppose w = -2*c + c + 3, -w + 3 = 4*c. Suppose -4*m = i - 96, -108 = -m - w*m - 4*i. What is the remainder when m is divided by 6?
5
Let r = 0 - -7. Suppose -28 = -r*t + 3*t. Let q = -8 + 20. Calculate the remainder when q is divided by t.
5
Suppose 0 = 3*d - 12*d + 153. What is the remainder when 118 is divided by d?
16
Suppose 779 = 3*s - 4*o, -4 = o - 2. Calculate the remainder when s is divided by 37.
35
Suppose -39 - 65 = -4*q. What is the remainder when 153 is divided by q?
23
Let y(x) = x + 7. Let s be y(-3). Suppose -o - 3 = -2*o. Suppose -g - 20 = -s*l, o*l - 2*g = -4*g + 26. What is the remainder when 16 is divided by l?
4
What is the remainder when 23 is divided by (-2)/((-4)/1)*24?
11
Suppose -2*f = 5*i, 3*f + 5 = -i - 8. Suppose -4*o = -2*r - 18, -i*r - 7 = -o - r. Suppose -5*x + 12 = -o*x. Calculate the remainder when 10 is divided by x.
2
Suppose t + 6 = 3*t. Suppose 0 = -5*n - 4*w, 3*n - 24 = t*w + 3. Let o = 3 + n. What is the remainder when 13 is divided by o?
6
Let a = 402 - 208. What is the remainder when a is divided by 18?
14
Let d(j) = j**3 - 5*j**2 - 5*j. Suppose 5*n = n + 24. Calculate the remainder when 16 is divided by d(n).
4
Suppose -34 = -4*r + g + 2*g, 2*r - g - 18 = 0. Let y be ((-39)/9)/((-1)/(-15)). Let o = y + 93. What is the remainder when o is divided by r?
8
Let b(d) = d**3 - 7*d**2 - d + 6. Let m be b(7). Calculate the remainder when 1 + 0 - m - 0 is divided by 1.
0
Let o(y) = -y - 1. Let f(c) = 6*c + 5. Let w(z) = 6*f(z) + 39*o(z). What is the remainder when w(-8) is divided by 6?
3
Let z = -4 + 33. What is the remainder when z is divided by 10?
9
Let b be 2/8 - (-35)/20. Suppose 18 = 3*n + b*y, -n - y + 23 = 4*n. Calculate the remainder when 13 is divided by n.
1
Let g(l) be the second derivative of l**4/6 + 5*l**3/6 - 3*l. Calculate the remainder when g(-5) is divided by 14.
11
Let y = 2 + 29. What is the remainder when 61 is divided by y?
30
Let y be 10 + 3*(-4)/6. Suppose 5*h = 98 - y. Suppose -o - h = -6*o - 2*s, 4 = -4*s. Calculate the remainder when o is divided by 3.
1
Let n be -70 + (-1)/(-2)*-2. Let d = -46 - n. Calculate the remainder when d is divided by 7.
4
Let l be (4 - 1) + (-4 - -3). Suppose i - l*i = 31. Let a = -21 - i. Calculate the remainder when 19 is divided by a.
9
Let u(x) = 8*x**2 - 2*x + 1. Calculate the remainder when 68 is divided by u(1).
5
Let o = -24 + 37. Let k(x) = -x**2 - x + 69. Let g be k(0). Let r = g - 32. What is the remainder when r is divided by o?
11
Let n(f) = f**3 + 8*f**2 + 2*f + 2. Suppose 0 = 2*k + 4*p - 84, 2*k + 4*p - 88 = -p. Let s = k + -21. What is the remainder when n(-7) is divided by s?
11
Suppose -11 = -3*m - 5*k + 7, -30 = -3*m - k. Suppose 3*q - 4*d = 10, 2*q = 5*d - d + 4. Calculate the remainder when m is divided by q.
5
Let k be (3 + -2)/(1/37). Let r = -27 - -42. Let x = k - r. What is the remainder when 42 is divided by x?
20
Suppose -f - 4*w + 58 = -w, -4*f + 232 = 2*w. Suppose -40 = m + m. Let o = m + 40. Calculate the remainder when f is divided by o.
18
Suppose -f + 1 = -2. What is the remainder when (-152)/(-12)*f/1 is divided by 13?
12
What is the remainder when 1 - 4 - -1 - (-20 - -1) is divided by 9?
8
Let x(u) = -u**3 - 19*u**2 - 20*u - 19. Calculate the remainder when 65 is divided by x(-18).
14
Let a = -40 + 44. What is the remainder when 14 is divided by a?
2
Let m = -118 - -180. What is the remainder when m is divided by 22?
18
Let k(d) = d**2 + d + 7. What is the remainder when 19 is divided by k(0)?
5
Calculate the remainder when ((-28)/10)/((-10)/100) is divided by 20.
8
Suppose 27 + 48 = r - t, -5*t - 71 = -r. Let w = -29 + r. Suppose 3*a - 5*l - w - 38 = 0, 5*l + 45 = a. What is the remainder when a is divided by 7?
6
Suppose k - 4*n = 8 + 50, -82 = -k - 4*n. What is the remainder when k is divided by 31?
8
Let l = -20 + 78. Calculate the remainder when l is divided by 20.
18
Let d(j) = j + 9. Let q be d(-7). Suppose 146 = 5*n - 4*x, 0*x + q*x = 3*n - 86. Suppose -4 = -t + 5. Calculate the remainder when n is divided by t.
8
Let s(l) = -19*l**3 - 1. Let j(u) = -u**3 - 5*u**2 - 6*u - 5. Let m be j(-4). Suppose -m*i + 11 + 19 = 0. Calculate the remainder when s(-1) is divided by i.
8
Let m(o) = o**3 + 7*o**2 + 3*o + 7. Let p be (-128)/20 + (-2)/(-5). Calculate the remainder when 98 is divided by m(p).
23
Suppose 2*p = -4*n + 26, -n - 4*p = 3*n - 32. What is the remainder when 17 is divided by n?
2
Let l(r) = -3*r + 9. What is the remainder when l(-9) is divided by 13?
10
Let j(q) = -9*q - 4. Let p be j(-4). Suppose 2*z = -0*z - 5*w + 37, 2*z + 4*w = p. What is the remainder when z is divided by 4/6 + (-10)/(-3)?
2
Calculate the remainder when 21 + 2/(6/(-3)) is divided by 11.
9
Let s = -9 + 24. Suppose 4*v - 28 = -3*k, 4*v = k - 6 + 2. Let c(o) = o**2 - 4*o + 10. Calculate the remainder when c(k) is divided by s.
12
Let s(w) = 0 - 10*w + 1 + 2. What is the remainder when s(-5) is divided by 18?
17
Let r(n) = -n**3 - 12*n**2 - 11*n - 4. Let a be r(-11). What is the remainder when 6/(-1)*(-13)/3 is divided by (-1)/a + 330/24?
12
Suppose -2*y - 20 = -46. What is the remainder when 38 is divided by y?
12
Suppose -5*b + 180 = 5*d, -d = -b - 0*d + 30. What is the remainder when 163 is divided by b?
31
Suppose -2*x = 2*x + 4, -2*x = -3*z + 17. Suppose -z*o + o = -72. Let w = o - 7. What is the remainder when 32 is divided by w?
10
Suppose -3*g - 3*j = -0*g - 27, 3*g - 2*j = 27. What is the remainder when g is divided by 3?
0
Let o = 15 + -11. Let j(n) = n**2 - 2*n - 2. Calculate the remainder when j(4) is divided by o.
2
Let o(a) = -a**2 + 8*a. Let q(c) = -c**2 - 10*c - 11. Let d be q(-8). Calculate the remainder when 42 is divided by o(d).
12
Let a(j) = -j**2 + 9*j - 7. What is the remainder when a(7) is divided by 2?
1
Let q(w) = -w + 3. Calculate the remainder when q(-3) is divided by 2.
0
Suppose -3*h + 0*y - y + 48 = 0, -5*h + y = -80. Calculate the remainder when 46 is divided by h.
14
Suppose -2*a + z = 0, 0 = 2*a - a + z. Suppose 4*g - 2*g - 42 = a. Calculate the remainder when g is divided by 6.
3
Calculate the remainder when 2/(-11) - (-3 + 5508/(-44)) is divided by 26.
24
Let b(w) = 3*w**2 - 4*w + 3. Suppose -h = 3*l - 15, -3*h = -0*h - 5*l + 11. Let r be b(h). Let x = -11 + r. Calculate the remainder when 12 is divided by x.
5
Let u = 6 + 64. What is the remainder when u is divided by 9?
7
Let n(k) = 3*k**2 - 5*k + 3. What is the remainder when n(4) is divided by 16?
15
What is the remainder when 7/(84/650) - (-2)/(-12) is divided by 20?
14
Let w = -63 + 119. What is the remainder when w is divided by 19?
18
Suppose -3*c - 2*y + 301 = -4*y, 0 = -2*c - y + 189. What is the remainder when c is divided by 25?
22
Suppose -2*w = -3*w + 43. What is the remainder when w is divided by 9?
7
Let r(x) = x**3 - 9*x**2 - 2*x + 19. Calculate the remainder when (-20)/(-8)*4/5 is divided by r(9).
0
Let c be 3/6 + 3/2. Suppose -3 = -2*s - 5*n + c, -16 = -3*s + n. What is the remainder when s is divided by ((-4)/(-2) - 1)*2?
1
Let o = 2 + 18. Calculate the remainder when 78 is divided by o.
18
Suppose 0 = 3*a + 4*y - 22, -2*y + 33 = 2*a - 3*y. Calculate the remainde